5. Suppose 4*c + 2 = 5*t, 2*t - t - x*c + 8 = 0. What is the greatest common divisor of i and t?
2
Let v be (0/3 - 1) + 37. What is the highest common factor of 324 and v?
36
Suppose -2*b = -p - 4*p - 6, -5*p + 50 = 5*b. Let a(c) = -14*c - 6. Let w be a(-5). Calculate the greatest common divisor of w and b.
8
Let k = 19 + -1. Suppose -115*t = -105*t - 60. Calculate the greatest common factor of k and t.
6
Suppose -7*v = 4*v - 154. What is the highest common factor of v and 1?
1
Let a be 118/4 - (-5)/10. What is the highest common factor of 6 and a?
6
Suppose -4*w + 96 = 5*l, 96 = 2*w + 2*w + l. Let j = -10 - -34. Let i be j/(-1)*10/(-15). Calculate the greatest common factor of w and i.
8
Let w(v) = 3*v - 8. Let s be w(6). Let u(h) = h**2 - 3*h. Let g be u(5). Calculate the highest common factor of g and s.
10
Let a be -6*(2 + -1) + 0. Let v be ((-3)/a - 1)*-8. Suppose 69 + 3 = v*q. Calculate the greatest common divisor of 27 and q.
9
Let h = 39 - -21. What is the highest common divisor of 15 and h?
15
Suppose 3*l - 5*u + 30 + 1 = 0, 5*u - 10 = 0. Let t = l - -13. What is the highest common factor of 4 and t?
2
Let m = 26 + -14. Calculate the greatest common factor of m and 48.
12
Suppose -w + v = -0*w - 1, 3*w = -3*v + 9. Suppose -4*r + w = -22. Calculate the highest common factor of 48 and r.
6
Suppose -j = 33 - 208. Suppose 2*m - j = -3*m. Let i(p) = -p**2 + 8*p - 7. Let c be i(6). Calculate the greatest common factor of m and c.
5
Let a(b) = b**2 + 7*b - 13. Let x be a(12). Let p be 62 + (-2)/(3 - 1). Let q = x - p. Calculate the highest common factor of q and 14.
14
Let i(v) = -v + 3. Let s be i(6). Let k be (-2)/(-3) + (-52)/s. Suppose 4 = c + 2*x, -x - 4 - 5 = -5*c. What is the greatest common divisor of c and k?
2
Let h(z) be the first derivative of 10*z**3/3 - z**2 + 2*z - 1. Let l be h(2). What is the highest common divisor of 19 and l?
19
Let r be (-4)/16 - (-20)/16. Let i(z) = -z**2 - 4*z - 2. Let j be i(-3). What is the greatest common divisor of j and r?
1
Let h(q) = -q + 6. Let f be h(6). Let v be 4/(-4)*(f + -114). What is the highest common divisor of v and 19?
19
Let m = 20 - 19. Suppose -2*h - m = -7. Calculate the greatest common divisor of h and 15.
3
Suppose -8*f + 90 = -166. Calculate the highest common factor of f and 48.
16
Let h = -34 + 67. What is the highest common divisor of h and 3?
3
Let d(o) = -o + 132. Suppose -3*q = q. Let n be d(q). Calculate the greatest common factor of n and 12.
12
Let a(o) = 2*o**3 + 3*o**2 - 2. Let w be a(4). Suppose 3*j + w = 3*i, 0 = 3*i - i - 4*j - 116. Calculate the greatest common divisor of 87 and i.
29
Let u(w) = -w**3 + 15*w**2 - 14*w + 18. Let i be u(14). What is the greatest common divisor of 144 and i?
18
Suppose 4*u - 12 = 2*u. Let x be 59/1 + 1 + 0. Suppose 0 = -l + x - 6. Calculate the highest common divisor of u and l.
6
Let s(p) = -p**3 - 8*p**2 - 11*p. Let m be s(-8). What is the greatest common divisor of m and 11?
11
Let o = 19 - 16. Calculate the highest common factor of o and 3.
3
Let f be (2 - 26)*7/(-3). Suppose f = 2*w - 104. Calculate the highest common divisor of w and 20.
20
Let j be 7/21 + 172/6. Let p = j - 14. What is the greatest common factor of p and 15?
15
Suppose 4*s - 264 = s. Suppose 0 = j - 5*j + s. What is the highest common factor of 55 and j?
11
Let w be (-3)/(-7) + (-60)/(-7). What is the highest common factor of w and 18?
9
Let w be 0/(-2 - -4) - -2. Suppose -w + 6 = q. Suppose 50 = q*f + f. What is the highest common factor of f and 30?
10
Suppose -3*z - 45 = -5*p, -3*z = 3*p + 2*z - 61. Suppose 0 = -3*f + f + 60. Suppose x = f + 54. Calculate the greatest common divisor of p and x.
12
Let z be (-6)/14 + (-11229)/(-133). What is the highest common divisor of 126 and z?
42
Let p be -1*(-1 + (-22)/2). Let l be (p/6)/(1 - -1). Let y(z) = z**2 + 5*z - 1. Let g be y(-6). What is the greatest common factor of l and g?
1
Suppose 2*d = -3*o + 6*d + 29, -o + 4*d = 1. Suppose -7 - 8 = -g. What is the highest common factor of g and o?
15
Let k = 18 + -10. Let s be k/(-5)*10/(-4). Suppose s*l = 208 + 32. Calculate the greatest common factor of 12 and l.
12
Let x(p) = 9*p**2 + p. Let t be x(-4). Calculate the greatest common divisor of 28 and t.
28
Suppose 7*y = 4*y + 42. What is the greatest common divisor of y and 70?
14
Suppose 56 = 2*h - 0. What is the highest common factor of h and 7?
7
Let z be (-183)/(-6) + 2/(-4). Let r(a) = a**3 + 9*a**2 + 11*a + 27. Let m be r(-8). What is the highest common divisor of m and z?
3
Let v = -5 + 13. Suppose -r + u = -u + v, -46 = 5*r - 4*u. Let p be (-4)/r*(1 + 4). Calculate the greatest common factor of p and 2.
2
Suppose -38 = 3*n - 5*n + 5*l, -4*l = -8. Calculate the greatest common divisor of n and 3.
3
Let b = 3 + -3. Suppose -3*a + 3*k + 66 = 0, a + b*a - 5*k - 6 = 0. Calculate the highest common divisor of 13 and a.
13
Suppose -3*y + 0*y = -42. Calculate the highest common factor of y and 70.
14
Suppose -4*c + 119 = 19. Let d be (-5)/c + (-121)/(-5). What is the highest common factor of 6 and d?
6
Let i(w) = w**2 + 9*w + 11. Let n be i(-9). Calculate the greatest common divisor of n and 88.
11
Let o(t) = t**3 + 9*t**2 - 13*t - 25. Let a be o(-10). What is the highest common factor of 10 and a?
5
Let v(t) = t**2 + 4*t. Let d be v(-5). Suppose -4*f + 44 = 4*k - 0*f, k + 19 = d*f. Let x = 144 - 142. What is the highest common divisor of k and x?
2
Let p(h) = -h**3 + h**2 + 3. Let a be p(0). Suppose 3*d - a = 6. Calculate the highest common factor of d and 1.
1
Let w be (-2)/(-11) + 1110/66. Let f = -10 + w. Calculate the highest common divisor of 28 and f.
7
Let m(k) = k**2 + 9*k + 8. Suppose 3*a + 7 = u - 0, -5*a - 9 = -2*u. Let c be m(u). Suppose c = -0*h - 2*h + 14. What is the greatest common factor of 14 and h?
7
Let t be (-202)/(-18) + (-2)/9. What is the highest common factor of t and 11?
11
Suppose 4*t + 0*b = 2*b, -4*t - 5*b = -28. What is the highest common factor of t and 3?
1
Let c(s) = -s**2 + 8*s + 4. Let n = -10 + 17. Let l be c(n). Calculate the highest common divisor of 99 and l.
11
Suppose 0 = 3*s + s - 84. Let d be ((-4)/2)/((-2)/4). Suppose d*c + s = 2*z + c, -4*c = -4. What is the highest common factor of z and 12?
12
Let k be 882/11 + 4/(-22). Let h be 4 + (-2 - -2*1). Suppose 0 = a + 5*y - 26, h*y + 4 - 92 = -5*a. Calculate the greatest common divisor of a and k.
16
Suppose 29*b = 30*b - 73. Let i = b - 41. Let k = 6 - 2. Calculate the greatest common factor of k and i.
4
Let m(w) be the second derivative of w**4/4 - w**3/2 + 3*w**2/2 - w. Let v be m(2). Calculate the greatest common factor of v and 99.
9
Let u = 36 - 21. Let g be 120*(-5)/(u/(-2)). Calculate the greatest common factor of 16 and g.
16
Suppose -5*o - 35 = -4*t, 4*t - 7 = 3*o + 22. Suppose t*c - 7*c + 78 = 0. What is the greatest common factor of c and 13?
13
Let l = 0 + 0. Suppose -6 = -3*x - l*x. Suppose -3*o + x*u + 250 = 2*o, 0 = 3*o - 2*u - 146. What is the highest common divisor of o and 13?
13
Let i be ((-3)/2 - (-22)/4)*14. Calculate the highest common divisor of 8 and i.
8
Let g = 1 + 0. Let i = g + 11. Suppose -f - 1 = 0, 4*f = -x - 2*x + 392. Calculate the highest common factor of x and i.
12
Suppose q - 34 - 21 = 0. What is the highest common divisor of 5 and q?
5
Suppose 2*q - 30 = 5*w, -q = w + 3 + 3. Let h(n) = n**3 + 7*n**2 + 2*n + 3. Let f be h(w). What is the highest common divisor of f and 9?
9
Let q = -204 + 303. What is the highest common divisor of 9 and q?
9
Suppose 4*f - 14 = -a - 2, 0 = -a. Let d = 5 - f. Suppose s + d*s = 240. Calculate the greatest common divisor of 16 and s.
16
Let j = 12 + -20. Let y = j + 14. Calculate the greatest common factor of 15 and y.
3
Suppose -5*c + 7*k - 2*k = -450, 0 = c + 5*k - 78. Calculate the greatest common divisor of 8 and c.
8
Let w be (3/1 - 2)*40. Suppose 17 - w = -4*k - 5*g, -5*k + g = -65. What is the highest common factor of k and 84?
12
Suppose 0 = 5*x - 5*h - 30, 15 - 5 = 2*h. What is the greatest common factor of 77 and x?
11
Suppose -2*k + n + 2*n = -65, -3*k + 3*n = -96. Let s = k + -9. Calculate the highest common factor of 2 and s.
2
Let d(x) = -8*x + 34. Let a be d(-17). What is the highest common factor of 68 and a?
34
Suppose 8*l - 75 - 541 =